2 + 31/1 - 1 is divided by w(i)?
8
Suppose -5*y = -3*i - i + 3, 0 = -5*i - 4*y + 55. What is the remainder when 12 is divided by i?
5
Calculate the remainder when 5*1 + (-5 - (-4 - 52)) is divided by 34.
22
Suppose 0 = -5*d + 2*j + 821, 3*d + 5*j - 2*j - 501 = 0. Calculate the remainder when d is divided by 14.
11
Let l(h) = 3*h**2. Let c be l(1). Suppose 36 = 2*u + 36. Suppose u = -c*a - 2*a + 60. What is the remainder when 22 is divided by a?
10
Let i = 260 - 241. What is the remainder when 36 is divided by i?
17
Suppose 5*p = 5*s - 90, 4*s - 59 = 2*p + 13. Calculate the remainder when 68 is divided by s.
14
Let y be (4/12)/((-2)/30). Let s be (4/10)/(1/y). Calculate the remainder when 57 is divided by 18 - ((3 - -2) + s).
12
Let q(r) = -r**3 + 3*r**2 + 11*r + 6. Let n be q(5). Suppose -3757 = -28*g + n*g. Calculate the remainder when g is divided by 28.
25
Let v(b) = b**2 + 9*b + 9. Let h be v(-7). Let w(s) = s**3 + 6*s**2 + 7. Let l be w(h). Let u = l - 18. Calculate the remainder when u is divided by 5.
4
Suppose 19*q - 2138 - 1301 = 0. What is the remainder when q is divided by 90?
1
Let c(o) = -2*o + 16. Let r be c(7). Suppose 266 = 4*d + r*g, -3*d + 0*g + 207 = -g. Calculate the remainder when d is divided by 18.
14
Let c(b) = -b**2 - 6*b + 44. What is the remainder when c(-6) is divided by 3?
2
Suppose 0 = 383*a - 389*a + 390. What is the remainder when a is divided by 14?
9
Let c = 99 + -48. Calculate the remainder when c is divided by 18.
15
Suppose -4*g - k = -10, 4*k = -2*g - 3 + 1. What is the remainder when 39 is divided by -2 - ((4 - g) + -13)?
9
Let v be ((-4)/8)/((-5)/(-30)). What is the remainder when -3 + 57 + (-12)/v is divided by 20?
18
Let y be (6/4)/((-12)/(-2104)). Let z = y + -165. Calculate the remainder when z is divided by 25.
23
Let t be -3*(-6)/(0 + 2) + -3. What is the remainder when t/(-24) - 308/(-16) is divided by 2?
1
Suppose -5*j = -y + 25 + 1, 4*y = -4*j + 8. Suppose -3*n = -21 - 6. What is the remainder when n is divided by (1 + 2)*(138/18 - y)?
4
Let b = -9 + 11. Suppose 15 = 3*x + b*x - m, -5*m = 2*x + 21. Suppose -3*p - x*p + 165 = 0. What is the remainder when p is divided by 12?
9
Suppose -20*t + 5296 = -284. What is the remainder when t is divided by 20?
19
Suppose -3272 = -v - 3188. Calculate the remainder when 404 is divided by v.
68
Suppose 3*j = -j + a + 50, -18 = -2*j + 4*a. What is the remainder when j is divided by 106/14 + (-20)/35?
6
Suppose -7 = -2*z + 5. Suppose 36 + 0 = 6*a. Calculate the remainder when (z + 15)/(a/4) is divided by 8.
6
Suppose 3*s - 1 = 29. What is the remainder when 17 is divided by s?
7
Let z(q) = q**2 - 2*q - 11. Suppose -v + 0 - 16 = 0. Let j = v + 23. What is the remainder when j is divided by z(5)?
3
What is the remainder when 182 is divided by ((-1302)/(-84))/((-1)/(-2))?
27
Let w(k) = -9*k + 9. Let i be w(8). Let b be (-14)/i - (-104)/18. Suppose -17 = -x - b. What is the remainder when 20 is divided by x?
9
Let q = -179 + 264. Let h = 23 + -24. Let f(z) = -23*z**3 - z**2 + z + 1. Calculate the remainder when q is divided by f(h).
19
What is the remainder when 31*(-2)/(-6)*12 is divided by 66?
58
Suppose -4*u + 887 = 375. Calculate the remainder when u is divided by 10.
8
Let t be 8/(-4) + -1 + 8. Suppose -t*g + 113 = -77. Suppose -42*j + 72 = -33*j. Calculate the remainder when g is divided by j.
6
Suppose 2 = 2*c, -5*m - 5*c + 26 = -79. Let z = 54 - -5. Calculate the remainder when z is divided by m.
19
Suppose a + 7 = -6. Let i(o) = -6*o - 13. What is the remainder when i(a) is divided by 22?
21
Let s(b) = -2*b. Let r be s(-2). Suppose 7*n - r*n = 6. Calculate the remainder when 12*(n + 15/(-10)) is divided by 1.
0
Suppose -478 = -12*z + 470. Calculate the remainder when 153 is divided by z.
74
Suppose 2*q = 4*b + 51 + 33, q = 3*b + 40. What is the remainder when q is divided by 41?
5
Suppose 88*v - 46 = -3*w + 87*v, -48 = -4*w - 4*v. What is the remainder when 1189 is divided by w?
16
Let g = 64 - 46. Suppose 5*p = 4*b - 49, -5*b + 40 + 55 = 5*p. Suppose 0 = -4*w - b, -4*y + 2*w + 150 = 10. What is the remainder when y is divided by g?
15
Let n be -5 + 8 - (1 + 4). Let s be n*15/10 - -6. Suppose -131 = -5*x + s*k, 4*k = x - 3*x + 68. What is the remainder when x is divided by 16?
12
Let l = -12 - -21. Let n be 2/(-11) - 171/(-33). Suppose -2*v + 25 = -4*z - l, n*v - 127 = -4*z. What is the remainder when v is divided by 13?
10
Suppose -5*c - 4*t + 477 = 0, c = 4*c - 2*t - 295. Let r = -22 - -42. Calculate the remainder when c is divided by r.
17
What is the remainder when 3/(-4)*2*7458/(-99) is divided by 24?
17
Let i = 16 + -11. Suppose 3*k + i*y = 37, -3*k + 46 = k + 5*y. Suppose 3 = -z + k. Calculate the remainder when z is divided by 2.
0
Let d = -15 + 39. Let z = -20 + d. Calculate the remainder when 10 is divided by z.
2
Let u = 22 + -17. Let j(b) = b - 3. What is the remainder when ((-234)/65)/(4/(-10)) is divided by j(u)?
1
What is the remainder when 654/7 - 240/(-420) is divided by 10?
4
Suppose 3 = -4*a + b + 18, 0 = 4*a + 2*b - 18. Suppose -21 = -a*t + 3*x - 0, -25 = -4*t - x. What is the remainder when 21 + (-2 - 0) - -2 is divided by t?
3
Let h = 24 + -6. Let d(g) = -2*g**2 - 25*g - 2. Calculate the remainder when d(-11) is divided by h.
13
Let l be 3/((-9)/14)*(-198)/77. Suppose 0 = -5*i + 2*i + l. What is the remainder when 10 is divided by i?
2
Suppose -29*z + 28*z - 208 = 0. Let t = z + 322. What is the remainder when t is divided by 29?
27
Let z be ((-60)/(-50))/(3/(-10)). Suppose 0 = 3*s + 85 + 107. What is the remainder when ((-6)/z)/((-3)/s) is divided by 11?
10
Suppose 0 = -3622*g + 3610*g + 1320. What is the remainder when g is divided by 76?
34
Let r(z) = 2*z**2 - 4*z + 4. Let m = -7 - -10. What is the remainder when 17 is divided by r(m)?
7
Calculate the remainder when 150 is divided by (12/(-8))/((-6)/132).
18
Suppose -515 = -3*d - 5*j, 0 = 18*d - 19*d + 5*j + 185. What is the remainder when d is divided by 60?
55
Suppose 159 = m - 4*w, -4*m + 5*w + 672 = w. Calculate the remainder when m is divided by 29.
26
What is the remainder when 34 is divided by (-3)/(1/((-8)/4))?
4
Suppose -5*z + 2*z = -12. Suppose -14 = -k + f, z*f + 117 = 5*k + 46. What is the remainder when 42 is divided by k?
12
Suppose 72*z - 60 = -4*u + 74*z, -3*z = 0. What is the remainder when 313 is divided by u?
13
Suppose -5*o - 5*w - 35 = 0, 5*o - w = o - 38. Let c = -7 - o. Suppose -c*v - v = -267. What is the remainder when v is divided by 30?
29
Suppose 0*b + 2*b = 62. Suppose 103 = 3*j + b. Calculate the remainder when j is divided by 5.
4
Let r(d) = d**3 + 3*d**2 - 4*d + 9. Let x be r(-4). Suppose -19 = -2*i + x. Calculate the remainder when 50 is divided by i.
8
Let i be (10/(-4))/(1/(-4)). What is the remainder when i + 1*(-2)/2 is divided by 34/9 + (-4)/(-18)?
1
Let j = -24 + 26. Calculate the remainder when 113 is divided by j + -2 + 4 + 19.
21
Let w = 239 - 157. Calculate the remainder when w is divided by 43.
39
Let u(x) = 2*x**2 + 17*x + 9. Let a be u(-7). Let h = a - -18. Calculate the remainder when 9 is divided by h.
3
What is the remainder when (-255)/(-3) - (17 - 27) is divided by 48?
47
Let n = -40 + 44. Suppose 0 = -n*g - 107 + 323. Calculate the remainder when g is divided by 14.
12
Suppose c - j = 7, 4*c + 2*j - 56 = -j. Suppose -14*l + 48 = -c*l. Calculate the remainder when 78 is divided by l.
14
Let x(r) = -4*r + 2. Let s be (16/4)/(1/(-8)). Let f = s - -29. What is the remainder when 39 is divided by x(f)?
11
Suppose -5*c + 664 = 3*i, -i - 404 = -151*c + 148*c. Let v(b) = 8*b - 1. Calculate the remainder when c is divided by v(2).
14
Let o(u) = -3*u + 51. What is the remainder when 16 is divided by o(15)?
4
Suppose 15*r = 202 + 68. Suppose -45 = -2*i + 87. What is the remainder when i is divided by r?
12
Calculate the remainder when -7 + 1 + 133 + -69 + 71 is divided by 32.
1
Let r(i) = 5*i**2 - 29*i - 18. Calculate the remainder when r(-9) is divided by 65.
63
Suppose -24*r + 511 = -137. Calculate the remainder when 80 is divided by r.
26
Let t be 13/1 - (14 + -11). Let f be (-1)/2 + 95/t. What is the remainder when (-27)/f*(-1 + -6) is divided by 11?
10
Suppose -11*x = 2*x - 806. What is the remainder when x is divided by 21?
20
Le